h(p) = -8*p - p**2 + 6 - 5*p + 4*p. Is h(i) prime?
False
Let z(g) = 4*g - 6. Let v(i) = i**2 + 3*i. Suppose 4*f + 12 = u, 2*u - 3*f + 16 = -5*f. Let p be v(u). Is z(p) prime?
False
Let p(m) = -m + 1. Suppose -16 = 4*l - 4. Let y be p(l). Suppose 78 = -2*s + y*s. Is s composite?
True
Let u = -8 - -12. Let k(y) = y - y + u*y**2 + 4 + 3. Is k(-7) a composite number?
True
Let p = -2 - -4. Suppose -3*x + 0*i = -p*i - 179, 4*i - 98 = -2*x. Is 2 + x/3 + -2 prime?
True
Suppose 3098 + 4926 = 8*l. Is l composite?
True
Suppose -a - 2*a + 9 = 0. Suppose 5*h = a*g - 49, h = -5*g - h + 61. Is g a prime number?
True
Let n(d) = 163*d - 21. Is n(4) composite?
False
Is (5226/(-65))/(2/(-5)) composite?
True
Let x = -184 - -1113. Is x composite?
False
Let c be 1 + 53 - (-12 + 11). Suppose -c = -4*s + 21. Is s composite?
False
Is (39 + -3)*1 - -1 prime?
True
Suppose 5*w = 3*w + 8. Let b(c) be the first derivative of 10*c**3/3 - c**2/2 + 5*c + 9. Is b(w) a prime number?
False
Let i(h) be the third derivative of h**5/60 - 5*h**4/24 - h**3/2 - 5*h**2. Is i(7) a composite number?
False
Suppose -5*i + 373 = 4*p, -5*p + 2*i + 470 = -21. Is 1 + p + (7 - 10) a composite number?
True
Let g(x) = 29*x**2 + x - 1. Is g(6) a prime number?
True
Suppose 39 + 152 = -v. Is (-3 - -4)*v*-1 prime?
True
Suppose 3*m = -m. Suppose -5*p + 321 + 164 = m. Is p composite?
False
Suppose 0 = -3*r - 3*x - 258, r = -3*x - 81 + 1. Let o = -30 - r. Is o prime?
True
Let i(q) = 9*q - 3. Let w be i(2). Suppose -2*d + x - 1 = -7, -5*d = 3*x - w. Is d a prime number?
True
Suppose p + 2*p - 15 = 0. Suppose -p*o = -87 - 868. Is o composite?
False
Let x(n) = -n**3 - 5*n**2 + n + 5. Let g be x(-5). Suppose g = 3*s + 2*s - 455. Is s prime?
False
Let x be (2 + -2)/3*-1. Suppose x = 3*i - g + 5*g - 135, 2*i - 104 = 2*g. Is i prime?
False
Is ((-1912)/16)/(2/(-4)) composite?
False
Suppose 0 = 5*l + v - 5550 - 7494, 3*v = 2*l - 5221. Is l prime?
True
Let r(j) = -7*j - 3. Let b(t) = 8*t + 4. Let x(m) = 6*b(m) + 7*r(m). Let o be x(9). Let c(k) = -2*k - 2. Is c(o) composite?
True
Let b = -1372 + 2051. Is b prime?
False
Let r be (-24)/3 + 4 + 7. Is 3 + r + -3 - -7 a composite number?
True
Suppose 4*v - 22 = -2*r, 5*v - 17 = -5*r + 13. Suppose 2*d - 8 = -o + 2*o, v*o = 4*d - 22. Suppose d*t = 76 + 35. Is t composite?
False
Suppose -22 = -5*u + 3. Let r be 2/(-5) - 34/(-10). Suppose -r*v = -u*v + 442. Is v a prime number?
False
Let t(g) = -g**2 - 5*g - 1. Let y be t(-5). Let h(u) = -6*u**3 - 1 - u**2 + 0*u**2 - 46*u**3 + 3*u**2. Is h(y) prime?
True
Suppose -p - 179 = -y, -2*y - 2*p + 144 = -210. Is y prime?
False
Let u = 1 - -1. Suppose 0 = -u*d + d + 64. Suppose -2*a + 5*m = -55, a - d = -a + 2*m. Is a a prime number?
False
Suppose -5*b = 11 + 4. Suppose 2*h - 4 - 2 = 0. Is (-33)/9*h*b a prime number?
False
Is 88605/77 - (-4)/14 a composite number?
False
Let y(f) = -3*f - 9. Is y(-4) composite?
False
Let n = -8 + 45. Is n prime?
True
Suppose -26*g = -25*g - 1657. Is g a prime number?
True
Is (-1)/(54/57 + -1) composite?
False
Suppose r = -2*r + 885. Is r a prime number?
False
Suppose 8 - 44 = 3*r. Let w = r + 83. Is w a prime number?
True
Let d be 30/(((-8)/28)/2). Let v = d - -433. Is v a composite number?
False
Suppose 0 = -4*n + 2872 + 804. Is n prime?
True
Let b be (11/(-2) + 0)*2. Let n(p) = 2*p**2 + 14*p - 3. Is n(b) composite?
True
Let t be ((-4)/5)/(3/(-30)). Let i = t - 6. Suppose -i*p + 22 = -2*k, k = -5*p + 4*p + 3. Is p a composite number?
False
Let s = -124 - -203. Is s prime?
True
Let v(a) = -67*a + 6. Let s be v(-6). Let f = s - -149. Is f composite?
False
Let n be 1*(2/1)/2. Let g(i) = n - 4*i**2 + 5*i**2 + 4 - 4*i. Is g(8) composite?
False
Is (-10296)/(-40) + (-4)/10 prime?
True
Let y(i) = 4*i + 5*i + 7 - i. Is y(8) a prime number?
True
Let t = 29 - 16. Suppose t = 3*q + a, -q = -0*a + 3*a - 15. Is q composite?
False
Let h(p) = -p**3 + p + 6. Let m be h(0). Is 944/m - 11/33 a prime number?
True
Let t(h) = -h**3 - 7*h**2 + 9*h + 2. Let g be t(-9). Let w = g + -9. Is w a composite number?
True
Let n be (1/(-1))/((-3)/(-777)). Is n/(-6) - 1/6 a composite number?
False
Let r be (2 - 1)*(-6 + 73). Suppose r = 4*f + 15. Is f a prime number?
True
Let d = -337 + 1872. Is d prime?
False
Let m(k) = k + 2. Let d be m(0). Is ((-11)/d)/((-2)/28) prime?
False
Suppose -2*d + 62 + 39 = -f, -5*d = -4*f - 245. Is d composite?
False
Let q be (-1*60)/(-2) - 4. Suppose 16 = -4*z - 44. Let g = z + q. Is g a prime number?
True
Let k(v) = -v**3 + v**2 - 5. Is k(-3) prime?
True
Let w(l) = 3*l**3 + 27 - 2*l**3 + l + 42. Is w(0) a prime number?
False
Suppose -2*x - 2 = y, 3*x = -2*y + 2*x + 2. Suppose r = y*h, 0*r - 10 = 4*h + 3*r. Is (1/h)/(2/(-18)) a prime number?
False
Suppose -2*t + 5*h + 92 = 0, t + 3*t - 216 = 2*h. Suppose -4*m + t = 16. Is m composite?
True
Let x = 13 - -54. Suppose -s + 0*s + x = 0. Is s composite?
False
Let n(p) = 133*p. Let c(v) = -v**2 + v + 5. Let l be c(0). Suppose 0 = l*s - 1 - 4. Is n(s) a composite number?
True
Let z = 34 + -22. Let c(v) = 2*v + 1. Is c(z) composite?
True
Suppose -2*d = -3*k + 12744 + 9021, 12 = -4*d. Is k a composite number?
False
Let n(b) = 7 + 0 - 6*b - 2. Let s(z) = -z**3 - 6*z**2 + 2*z + 7. Let l be s(-6). Is n(l) prime?
False
Let c(j) = j + 1. Let u be c(2). Let w(b) = -b**3 + 4*b**2 + 5*b + 3. Let x be w(5). Suppose -3*p + i = -44, -x*p + u*i + 72 = 2*p. Is p composite?
True
Suppose -s = -6*s. Suppose s*w = 5*w + 2*o - 4, w - 17 = 5*o. Suppose -2*g = w*v - 104, -g + 42 = -4*v - 15. Is g a prime number?
True
Suppose 4*o + 2*c + 6 = 0, -3*c - 8 = o + 6. Let h = o - -2. Suppose 4*s - 4*a = -86 + 274, 0 = -s - h*a + 47. Is s a composite number?
False
Let j be (-104)/(-1) - (5 + -6). Let f = j - -26. Suppose 5*b + 56 = f. Is b composite?
True
Let b(d) = 2*d - 6. Suppose 2*f - 6 = 14. Is b(f) prime?
False
Suppose 7*b = -0 + 14. Suppose -2 - 4 = -3*l. Suppose -l*u + 59 = u + b*i, 54 = 3*u + 3*i. Is u a prime number?
True
Suppose 2*t = -5*n + 9, -3*t + 0*n - 24 = -5*n. Let z(a) = 5*a**3 + a. Let g be z(1). Let v = g - t. Is v a composite number?
True
Suppose -160 = -4*t + 4*p, 0 = -4*t + 4*p - p + 156. Let y = 85 + t. Is y a composite number?
True
Suppose -4*m = -4765 - 2847. Is m a composite number?
True
Suppose -7*u = -13*u + 12954. Is u composite?
True
Suppose -5*z = 5*r - 4525, 4*r = -3*z + 5*z + 3632. Is r composite?
False
Is (2/(-1))/(8/(-508)) prime?
True
Suppose 0*l = 3*l. Suppose 20 = 19*q - 14*q. Suppose a + 232 = -l*n + 3*n, -q*a + 99 = n. Is n a composite number?
False
Let q = 2792 + -1033. Is q a prime number?
True
Let x(c) = 19*c**2 - 2*c - 1. Suppose -12 = -2*t - 2*t, -2*t = -3*s - 3. Suppose 5*l + s = -9. Is x(l) composite?
False
Suppose 0 = -2*k - 2*r + 482, -2*k + 3*r = k - 753. Suppose -2*w + k = -5*g, 0 = 2*w + 4*g - 176 - 34. Is w a composite number?
False
Let b(d) = -d**3 - 3*d**2 + 2*d + 1. Let l be b(-4). Let r be -4 + -4 + 2 + 3. Is (57/l)/((-1)/r) composite?
False
Is (1 - 6 - -1) + 1 + 1402 a prime number?
True
Let s = -159 + -135. Is (-2)/(-1 + s/(-298)) a prime number?
True
Is 3*(-1)/(3/(-23)) a composite number?
False
Let n(s) be the third derivative of s**8/20160 + 7*s**6/360 - s**5/60 - s**2. Let v(o) be the third derivative of n(o). Is v(0) a prime number?
False
Suppose 2*p - 8 = 2. Suppose -k + u + 5 = 0, p*u = -4 - 1. Suppose 40 = 2*d + 4*i, 3*d - i + 23 = k*d. Is d composite?
True
Let o(n) = -n**3 + 6*n**2 + 8*n + 1. Let y be o(7). Let q(a) = 3*a + 2. Is q(y) composite?
True
Suppose -4*b + 2*w - 10 = -b, -4*b = 4*w. Let d be 12/8 - 1/b. Suppose 0*g - 90 = -3*t - 5*g, -d*t + 3*g = -79. Is t a composite number?
True
Suppose -f - 1 = 0, 3*f - 1 - 12 = -4*y. Suppose 5*x + 15 = -3*a + 6*a, -y*a - x + 43 = 0. Is a a composite number?
True
Suppose 5*n - 3*n - 74 = -3*a, 4*a = -3*n + 98. Let r be a/10 + 6/(-10). Is (0 + r)*62/4 a composite number?
False
Let j = 1113 + 818. Is j a composite number?
False
Suppose -2*w = -2*b + 2, 4*w = -b - 3*b + 36. Suppose s - 2*g = 33, -s + w*g + 29 = -0*s. Is s a prime number?
True
Suppose -2*n + 8 - 2 = 0. Suppose -331 = 2*t - n*t. Is t a composite number?
False
Suppose -3*t + 63 = -6*t - h, -3*t - 4*h - 72 = 0. Let r be (24/(-5))/(3/t). Suppose 44 + r = 4*n. Is n a composite number?
False
Let o be (-3)/6 + 24